e remainder when 201 is divided by w.
51
Let o = 6011 - 5954. Calculate the remainder when 623 is divided by o.
53
Let q(c) = -20*c**2 + 29*c - 25. Let o(x) = -9*x**2 + 15*x - 13. Let s(h) = -7*o(h) + 3*q(h). What is the remainder when 295 is divided by s(7)?
36
Let u(h) = -4*h - 196. Let j be u(-44). What is the remainder when (j/(-3) + -2)/(6/27) is divided by 12?
9
Suppose 538 = 10*v + 28. What is the remainder when 295 is divided by v?
40
Let r(c) = -2*c + 3 - 3*c + 5*c - 6*c. Let o(p) = 3*p**3 + 2*p**2 - 4*p + 3. What is the remainder when o(2) is divided by r(-2)?
12
Let i(c) = 10*c**3 - 6*c**2 + 7*c - 21. Let v be i(3). Let b = v - 157. What is the remainder when 646 is divided by b?
56
Suppose -4*v - 2*y + 184 = 0, -11*y + 6*y + 138 = 3*v. Let d(z) = -2*z**2 + 94*z - 90. Calculate the remainder when 59 is divided by d(v).
1
Let i = 337 - 133. Suppose i = 4*w - w. Suppose 0 = -7*n + 2830 - 2732. What is the remainder when w is divided by n?
12
Suppose -14*c = 22421 - 10954 - 117181. What is the remainder when c is divided by 8?
7
What is the remainder when 4/1*-1*(-17)/4 is divided by 24/2 + 4/(-4)?
6
Let v = 584 - -492. Calculate the remainder when v is divided by 90.
86
Suppose 2*i - 71 - 91 = 0. Let l = -135677 + 135765. What is the remainder when l is divided by i?
7
What is the remainder when (-5600)/(-16) + 18 - -1 is divided by 71?
14
Let o(a) = a**2 + 96*a + 2262. Let x(m) = -m**3 - 3*m**2 + m - 7. Let s be x(-5). Suppose -q + s = q. Calculate the remainder when q is divided by o(-41).
5
Suppose -40376 = 48*o + 52*o - 203*o. What is the remainder when o is divided by 54?
14
Suppose 0 = -4*y - l + 2*l + 87, 3*y + 3*l - 54 = 0. Let z be (-7)/(y/(-12))*20. Let d = -62 + z. What is the remainder when 34 is divided by d?
16
Suppose 0*i - 4*i + 16 = 0. Let y = -231 - -259. Suppose 64 = y*g - 20*g. What is the remainder when g is divided by i?
0
Suppose -4*l - 15 - 1 = 0. What is the remainder when ((-428)/8)/(2/l) is divided by 36?
35
Suppose 0 = -h - 12 + 44. Suppose -7*j + 856 = j. Suppose 7*z = 782 + j. What is the remainder when z is divided by h?
31
Let p(c) = -c**2 + 10*c + 1. Let z(r) = -r**2 - 5*r + 12. Let i be z(-7). What is the remainder when p(9) is divided by i - (58/(-7) + 16/56)?
4
Let q(a) be the third derivative of -a**6/120 - a**4/24 + 23*a**3/6 - a**2. Let p(u) = -10*u - 187. What is the remainder when q(0) is divided by p(-20)?
10
Suppose 4*w + 0*w - 140 = 0. Let u be ((-10)/(-30))/((-1)/(-207)). Let o = -60 + u. Calculate the remainder when w is divided by o.
8
Suppose -50 = -9*i + 40. Let a = -4 + 6. Suppose -a*m + 60 + 16 = 0. Calculate the remainder when m is divided by i.
8
Let q = -33 + 33. Let j(i) = i**2 + 8*i + 76. Calculate the remainder when j(q) is divided by 20.
16
Let h be ((-30)/8)/((-159)/2332). Suppose 0 = 7*x - h + 41. Calculate the remainder when 33 is divided by x.
1
Suppose 78 = 4*m - 5*k, -25*k + 24*k + 6 = m. Let f(o) = -2*o**3 + o**2 + 5*o + 5. Calculate the remainder when f(-2) is divided by m.
3
Suppose -b + 25 = -2*p, -21*p - 16 = -25*p. What is the remainder when 351 is divided by b?
21
Let b(h) = -15*h**3 - 174*h**2 + 21*h + 11. Calculate the remainder when b(-12) is divided by 48.
47
Calculate the remainder when 619 is divided by -2 + (4*(-2)/4 - -66).
61
Suppose -5*x + 3*j = -3042, 0 = 78*x - 75*x - 5*j - 1854. Calculate the remainder when 634 is divided by x.
31
Suppose 52 - 2 = 2*o. Let j = o + 54. What is the remainder when 1420 is divided by j?
77
Suppose 65*d = 19*d + 1794. Calculate the remainder when 1320 is divided by d.
33
Let q(c) = 266*c**2 + 29*c - 4. Calculate the remainder when q(1) is divided by 153.
138
Suppose -21*v + 17136 = -4*v. Suppose 16*y + 128 - v = 0. What is the remainder when y is divided by 50?
5
Suppose 0 = 13*n - 20*n + 266. Suppose -x - 6 = -4*x - 3*o, 3*x - n = 5*o. What is the remainder when 10 is divided by x?
4
Suppose -420 = 27*a - 20*a. Let d = a + 64. Suppose 3*j = -5*n + 67, 3*j = -0*n - 3*n + 57. What is the remainder when j is divided by d?
2
Let o(n) = 112*n - 6926. What is the remainder when o(72) is divided by 185?
28
Suppose -301*q + 129*q + 12212 = 0. Calculate the remainder when 6885 is divided by q.
69
Let v = -251 + 759. Let p = v - 327. What is the remainder when p is divided by 46?
43
Let z be 2*6/(-4) + 141/3. Suppose -6*b - 5*b + z = 0. Suppose b*q - 99 = 85. Calculate the remainder when q is divided by 16.
14
Let x = -10938 - -11183. What is the remainder when 1235 is divided by x?
10
Let o(m) = m**2 - 3*m - 10. Let i(s) = 2*s**2 - s + 6*s - 7*s - 5*s - 21. Let a(f) = 3*i(f) - 7*o(f). Calculate the remainder when 13 is divided by a(-2).
1
Let k = -51 + 98. Suppose -28*t - 15800 = 12*t. Let i = -383 - t. Calculate the remainder when k is divided by i.
11
Let m(x) = 2*x**2 + 16*x + 25. Suppose -5*p - 53 = 3*o, -6*p + 2*o + 22 = -8*p. What is the remainder when m(p) is divided by 14?
9
Let b(y) = 7*y - 72. Let g be b(19). Suppose 69 + g = -5*p. Calculate the remainder when (-1 + -3 - -32)*p/(-4) is divided by 23.
21
Let k = 1 - -31. Suppose 8*b = 9*b + 31*b - 14272. What is the remainder when b is divided by k?
30
Let l(m) = 1569*m**3 - m**2 - 3*m + 3. Let u be l(1). What is the remainder when (u/21)/((-8)/(-12)) is divided by 13?
8
Let a(j) = 17*j**2 + 416*j - 171. What is the remainder when 325 is divided by a(-25)?
1
What is the remainder when 323 is divided by 5/((-75)/(-30))*(1 - -18)?
19
Let q be -2*(2 + 167/(-2)). Let i = q - 120. What is the remainder when i is divided by (-1)/(0 - (-2)/(-22))?
10
Let m = -1150378 - -1150510. Suppose j - 2*v - 2*v = 73, 4*v = -5*j + 293. Calculate the remainder when m is divided by j.
10
Calculate the remainder when 13683 is divided by (4 - -16) + 80 + 19.
117
Suppose 24*o - 42 = 31*o. Calculate the remainder when (-856)/o - ((-180)/(-27) + -7) is divided by 36.
35
Suppose 2*q = -32*l + 29*l + 382, -4*l + 511 = 3*q. Calculate the remainder when 879 is divided by l.
11
Calculate the remainder when -786*(-35)/30 - -10 is divided by 154.
3
Let t be -1 + 7 - 4 - -11*14. Suppose -36*d + 32*d - t = 0. What is the remainder when 88 is divided by (0 - d)*(35/15 + -2)?
10
Suppose -29016 = 20*n - 20*n - 12*n. What is the remainder when n is divided by 5?
3
Suppose 620*j - 142268 = 639803 + 237829. What is the remainder when j is divided by 51?
13
Let i(n) = 163*n - 11. Let y(q) = 163*q - 9. Let c(d) = -6*i(d) + 5*y(d). Let a be c(-5). Suppose -6*f = 5*f - a. What is the remainder when f is divided by 10?
6
Let y be 3 + (-1 - -303)/2. Let h be ((-5)/2 - -2)*158. Let n = y + h. Calculate the remainder when n is divided by 20.
15
What is the remainder when 1818 is divided by 363 + -18 + (19 - -5)?
342
Let v(d) be the first derivative of -53*d**2/2 - 4*d + 58. Suppose 4*n + 34 = 3*k - k, n - 63 = -5*k. Calculate the remainder when v(-1) is divided by k.
10
Suppose 3*d + 5*x - 124 = 0, -11*d + 15*d - 146 = 3*x. Suppose 103 = -5*z + 6*z. What is the remainder when z is divided by d?
27
Let w = 1116 + -1135. Let u(j) = -j**2 - 29*j - 142. Let b = -38 + 57. What is the remainder when u(w) is divided by b?
10
Suppose 4*y + 53 = 113. Let c(s) = 8*s + 43. What is the remainder when c(3) is divided by y?
7
Let m be -2 + -3 - (-8 - -7)*9. Suppose 3*f - 7*f = 3*h - 708, 0 = m*h + 16. What is the remainder when f is divided by 23?
19
Let i(v) = 37*v**2 + 6*v - 3. Let z be i(4). Let g = 670 - z. What is the remainder when ((-6)/9)/((-2)/669) is divided by g?
52
Suppose -23*x + 1055 - 124 = -610. Calculate the remainder when 791 is divided by x.
54
Let b(c) = 6*c**2 + 422*c + 2888. Calculate the remainder when 1383 is divided by b(-7).
15
Suppose 41*g = 398 - 111. Let b(i) = 46*i - 163. What is the remainder when b(g) is divided by 27?
24
Let c(g) = -7*g + 78. Let j be c(10). Suppose -886 - 130 = -j*r. What is the remainder when r is divided by 20?
7
Let h(i) = i**3 + 3*i**2 - 4*i - 12. Let x be h(6). Suppose -5*b + 32 = -b. What is the remainder when b is divided by (-18)/(-8)*x/108?
2
Let a be 780/(-108) - -7 - (-38)/9. Suppose 7 = b + a, -9 = -2*u + b. Calculate the remainder when 41 is divided by u.
5
Suppose 2*j = 2*t + 170, 28*j + 8 = 30*j. What is the remainder when 261 is divided by (-6 - 0/3)/(t/189)?
9
Su